59717?
7
What is the units digit of 144242388?
8
What is the millions digit of 1254293535?
4
What is the hundred thousands digit of 45595130?
5
What is the billions digit of 2235529013?
2
What is the thousands digit of 7970928639?
8
What is the ten millions digit of 129458996?
2
What is the ten thousands digit of 99998384?
9
What is the tens digit of 1855598156?
5
What is the hundreds digit of 7324957324?
3
What is the hundred thousands digit of 29195762?
1
What is the thousands digit of 68547238?
7
What is the ten millions digit of 1888621110?
8
What is the hundreds digit of 4098361969?
9
What is the thousands digit of 28940669?
0
What is the billions digit of 1759861597?
1
What is the billions digit of 3609834748?
3
What is the hundred millions digit of 1604412197?
6
What is the hundred millions digit of 1918700092?
9
What is the millions digit of 702292179?
2
What is the hundred millions digit of 839414822?
8
What is the ten thousands digit of 23692364?
9
What is the hundreds digit of 47599725?
7
What is the ten thousands digit of 1237601951?
0
What is the ten thousands digit of 260851614?
5
What is the ten thousands digit of 1911746607?
4
What is the ten millions digit of 2227060238?
2
What is the millions digit of 173327596?
3
What is the ten thousands digit of 2020441263?
4
What is the tens digit of 13783664?
6
What is the hundred thousands digit of 2258480?
2
What is the hundreds digit of 106569868?
8
What is the billions digit of 3878207438?
3
What is the tens digit of 36271052?
5
What is the ten thousands digit of 87223042?
2
What is the ten thousands digit of 32973251?
7
What is the tens digit of 5697125?
2
What is the tens digit of 43843841?
4
What is the millions digit of 687318927?
7
What is the units digit of 79971844?
4
What is the tens digit of 19719920?
2
What is the hundred millions digit of 469468632?
4
What is the ten millions digit of 50383160?
5
What is the thousands digit of 267035734?
5
What is the units digit of 361515873?
3
What is the tens digit of 1064908712?
1
What is the tens digit of 18297691?
9
What is the hundreds digit of 84765242?
2
What is the tens digit of 1759417309?
0
What is the ten millions digit of 106825449?
0
What is the hundred thousands digit of 185667987?
6
What is the hundred thousands digit of 1935249611?
2
What is the millions digit of 258719566?
8
What is the units digit of 7670150?
0
What is the units digit of 1280040126?
6
What is the millions digit of 59749273?
9
What is the units digit of 769280957?
7
What is the units digit of 620183846?
6
What is the millions digit of 39944162?
9
What is the millions digit of 241423199?
1
What is the thousands digit of 1681014678?
4
What is the millions digit of 136034469?
6
What is the units digit of 31222386?
6
What is the ten thousands digit of 41049573?
4
What is the units digit of 186276325?
5
What is the ten thousands digit of 541749801?
4
What is the millions digit of 30657085?
0
What is the hundred thousands digit of 91651186?
6
What is the hundred thousands digit of 116775367?
7
What is the hundred thousands digit of 2431119249?
1
What is the units digit of 4887181687?
7
What is the thousands digit of 15553081?
3
What is the hundreds digit of 184446690?
6
What is the hundreds digit of 35719218?
2
What is the hundred thousands digit of 1191829753?
8
What is the units digit of 1717823637?
7
What is the hundred thousands digit of 17708203?
7
What is the millions digit of 2115449968?
5
What is the billions digit of 2595307357?
2
What is the thousands digit of 97738242?
8
What is the hundred thousands digit of 203025714?
0
What is the hundred thousands digit of 3321894909?
8
What is the millions digit of 72717657?
2
What is the hundred thousands digit of 38868525?
8
What is the ten millions digit of 3546933770?
4
What is the hundred millions digit of 2276979656?
2
What is the millions digit of 1717565526?
7
What is the tens digit of 273121129?
2
What is the ten millions digit of 1975264067?
7
What is the hundred thousands digit of 179355131?
3
What is the ten thousands digit of 937777304?
7
What is the hundreds digit of 4821236432?
4
What is the billions digit of 1185909552?
1
What is the tens digit of 12486301?
0
What is the hundreds digit of 4363116778?
7
What is the units digit of 54500743?
3
What is the hundred thousands digit of 307439585?
4
What is the ten millions digit of 122885987?
2
What is the hundred thousands digit of 2101977?
1
What is the billions digit of 6066500367?
6
What is the ten thousands digit of 977966282?
6
What is the ten millions digit of 13530174?
1
What is the hundreds digit of 64176052?
0
What is the hundred thousands digit of 18762374?
7
What is the hundreds digit of 5175301233?
2
What is the ten thousands digit of 4247167?
4
What is the hundred thousands digit of 16632663?
6
What is the tens digit of 980353099?
9
What is the tens digit of 364591299?
9
What is the hundred thousands digit of 171955520?
9
What is the hundred thousands digit of 183196460?
1
What is the ten millions digit of 2101149835?
0
What is the hundreds digit of 54894935?
9
What is the hundred thousands digit of 4651785935?
7
What is the hundreds digit of 4245812?
8
What is the ten thousands digit of 564031050?
3
What is the hundreds digit of 1058924456?
4
What is the millions digit of 1497943649?
7
What is the hundreds digit of 2793492676?
6
What is the thousands digit of 17242714?
2
What is the ten millions digit of 2905463452?
0
What is the ten thousands digit of 160616638?
1
What is the millions digit of 52520441?
2
What is the units digit of 57325651?
1
What is the millions digit of 94535605?
4
What is the ten thousands digit of 171927588?
2
What is the hundreds digit of 7568127?
1
What is the hundred millions digit of 2736158974?
7
What is the hundreds digit of 839706136?
1
What is the hundred millions digit of 310978172?
3
What is the ten thousands digit of 15823857?
2
What is the millions digit of 1125175736?
5
What is the hundreds digit of 7254730?
7
What is the tens digit of 967662733?
3
What is the millions digit of 368710091?
8
What is the billions digit of 2037577446?
2
What is the tens digit of 91822741?
4
What is the tens digit of 1243583006?
0
What is the thousands digit of 935981?
5
What is the ten millions digit of 152568890?
5
What is the tens digit of 6000163028?
2
What is the millions digit of 2367942252?
7
What is the ten millions digit of 267054825?
6
What is the ten thousands digit of 8576833384?
3
What is the ten thousands digit of 416373193?
7
What is the hundred thousands digit of 2542735555?
7
What is the units digit of 311714221?
1
What is the hundred millions digit of 505303516?
5
What is the hundred millions digit of 146292609?
1
What is the millions digit of 30901272?
0
What is the hundred thousands digit of 240482825?
4
What is the ten millions digit of 35001609?
3
What is the tens digit of 90556903?
0
What is the millions digit of 542872094?
2
What is the millions digit of 184352695?
4
What is the thousands digit of 37173842?
3
What is the hundred thousands digit of 1594875226?
8
What is the millions digit of 231626517?
1
What is the ten millions digit of 43738819?
4
What is the hundreds digit of 86921644?
6
What is the millions digit of 429442806?
9
What is the thousands digit of 238335653?
5
What is the thousands digit of 3086069?
6
What is the ten thousands digit of 337005162?
0
What is the ten millions digit of 25793588?
2
What is the millions digit of 55172764?
5
What is the millions digit of 82978036?
2
What is the hundreds digit of 1726375785?
7
What is the thousands digit of 3630771084?
1
What is the millions digit of 158726457?
8
What is the hundred thousands digit of 14635615?
6
What is the thousands digit of 2059090491?
0
What is the ten thousands digit of 4553682296?
8
What is the hundred thousands digit of 670857704?
8
What is the hundred thousands digit of 139473548?
4
What is the thousands digit of 96041311?
1
What is the tens digit of 25392790?
9
What is the units digit of 26284538?
8
What is the billions digit of 1891605219?
1
What is the tens digit of 655545670?
7
What is the millions digit of 123504315?
3
What is the thousands digit of 66700260?
0
What is the thousands digit of 235757272?
7
Wha